 1424 and 4432?
16
What is the greatest common divisor of 82 and 144812?
82
Calculate the highest common factor of 912 and 114.
114
Calculate the highest common divisor of 197160 and 40.
40
What is the highest common factor of 11 and 426437?
11
Calculate the highest common divisor of 10 and 585430.
10
Calculate the highest common divisor of 18 and 2155122.
18
Calculate the highest common divisor of 290 and 767282.
58
Calculate the greatest common divisor of 71 and 2029.
1
What is the highest common factor of 686477 and 22?
11
Calculate the greatest common divisor of 584 and 10147.
73
What is the greatest common divisor of 4997 and 399?
19
What is the greatest common factor of 80175 and 195?
15
Calculate the greatest common factor of 3250 and 5317.
13
Calculate the highest common divisor of 363 and 35453.
121
What is the highest common factor of 25024 and 599012?
1564
What is the highest common divisor of 12 and 295996?
4
Calculate the greatest common factor of 100 and 395400.
100
What is the greatest common factor of 53869 and 309?
103
Calculate the highest common factor of 84 and 8790.
6
What is the highest common factor of 1022 and 6818?
14
Calculate the highest common divisor of 189 and 305865.
63
What is the greatest common factor of 27 and 64746?
27
Calculate the highest common divisor of 72 and 466632.
72
What is the greatest common divisor of 160 and 81376?
32
Calculate the greatest common divisor of 72716 and 371.
371
What is the highest common factor of 207 and 738?
9
What is the greatest common factor of 1556 and 292?
4
Calculate the highest common factor of 94123 and 1891.
61
Calculate the greatest common divisor of 9702 and 8334.
18
What is the highest common divisor of 90 and 178040?
10
Calculate the greatest common factor of 145670 and 1750.
70
What is the highest common divisor of 5295 and 213?
3
Calculate the highest common divisor of 1240 and 55025.
155
What is the highest common factor of 4751478 and 138?
138
Calculate the highest common factor of 50912 and 3848.
296
What is the highest common divisor of 7067176 and 8?
8
Calculate the greatest common factor of 70746 and 348.
6
Calculate the highest common divisor of 81298 and 154.
14
Calculate the highest common factor of 245 and 158270.
245
What is the highest common divisor of 2048 and 11072?
64
Calculate the greatest common factor of 75938 and 1978.
86
What is the highest common divisor of 12 and 37662?
6
What is the highest common factor of 216 and 692?
4
What is the greatest common factor of 270 and 120678?
6
Calculate the highest common factor of 868 and 9362.
62
What is the highest common divisor of 330 and 20658?
66
What is the highest common factor of 1008 and 18536?
56
What is the highest common factor of 2061 and 6641?
229
What is the greatest common factor of 127141 and 8417?
443
Calculate the greatest common divisor of 800 and 110.
10
What is the highest common divisor of 9145 and 1278471?
1829
Calculate the highest common factor of 370 and 350390.
370
Calculate the highest common divisor of 88 and 139106.
22
What is the greatest common divisor of 24089 and 169?
13
What is the highest common factor of 10322 and 65?
13
Calculate the highest common divisor of 276 and 862707.
69
What is the highest common divisor of 635 and 93472?
127
Calculate the greatest common divisor of 84 and 39077388.
84
What is the highest common divisor of 1072872 and 72?
72
Calculate the greatest common divisor of 120645 and 6300.
315
What is the greatest common divisor of 178 and 5162?
178
What is the highest common factor of 50882 and 36153?
1339
Calculate the greatest common divisor of 61497 and 288.
9
What is the highest common divisor of 18 and 211206?
6
What is the greatest common divisor of 48 and 169424?
16
Calculate the greatest common divisor of 6020 and 700.
140
What is the highest common factor of 7384 and 1675032?
568
What is the highest common factor of 548 and 45758?
274
Calculate the greatest common factor of 10241 and 128117.
209
What is the greatest common factor of 5170 and 440?
110
Calculate the highest common factor of 1222 and 3770.
26
What is the greatest common divisor of 11 and 55737?
11
Calculate the greatest common factor of 54 and 293922.
54
Calculate the greatest common divisor of 71064 and 30888.
216
What is the highest common factor of 78600 and 45?
15
What is the greatest common factor of 715 and 175?
5
Calculate the greatest common divisor of 10048623 and 78.
39
What is the greatest common divisor of 14 and 6744234?
14
Calculate the greatest common factor of 184 and 4646.
46
What is the greatest common factor of 87000 and 450?
150
What is the highest common divisor of 12728 and 3256?
296
Calculate the greatest common divisor of 14222 and 10393.
547
What is the highest common factor of 1545782 and 82?
82
What is the greatest common factor of 36 and 19629?
9
What is the greatest common factor of 34 and 1883668?
34
What is the highest common divisor of 3584 and 511616?
896
Calculate the highest common divisor of 246 and 14768856.
246
Calculate the greatest common factor of 88 and 1303940.
44
What is the greatest common factor of 7124 and 832?
52
Calculate the highest common factor of 1675 and 9800.
25
What is the greatest common divisor of 146 and 2?
2
What is the greatest common divisor of 1361310 and 60?
30
What is the greatest common factor of 62424 and 4968?
216
Calculate the greatest common factor of 22523 and 2453.
223
What is the greatest common divisor of 252 and 5388?
12
What is the highest common divisor of 1236 and 39?
3
Calculate the greatest common factor of 103325 and 775.
25
What is the greatest common divisor of 17200 and 6400?
400
What is the greatest common divisor of 161 and 2411366?
23
Calculate the greatest common divisor of 139788 and 1122.
66
Calculate the highest common divisor of 1802 and 38637.
53
Calculate the highest common divisor of 977816 and 304.
152
What is the highest common factor of 10 and 145570?
10
Calculate the highest common divisor of 61494 and 8864.
554
Calculate the greatest common factor of 1335 and 8355.
15
What is the greatest common divisor of 1685959 and 22?
11
What is the greatest common factor of 6611185 and 35?
35
Calculate the highest common divisor of 295 and 26432.
59
What is the highest common divisor of 135 and 27915?
15
What is the greatest common factor of 28 and 1096?
4
What is the highest common factor of 1910 and 2420?
10
Calculate the highest common factor of 216 and 376.
8
Calculate the highest common factor of 155 and 2855.
5
Calculate the highest common factor of 2161862 and 23.
23
What is the highest common factor of 29 and 333471?
29
Calculate the highest common factor of 11264 and 220.
44
What is the greatest common divisor of 1860 and 30039?
93
What is the highest common factor of 24 and 5456976?
24
What is the highest common divisor of 1320 and 1539780?
660
What is the greatest common divisor of 56949 and 1107?
123
What is the highest common factor of 482 and 11086?
482
What is the highest common factor of 22020 and 1680?
60
Calculate the highest common divisor of 161370 and 6930.
990
Calculate the greatest common divisor of 34309 and 165.
11
Calculate the greatest common factor of 612 and 28203.
51
Calculate the greatest common divisor of 4080 and 208200.
120
What is the greatest common factor of 430 and 670?
10
What is the greatest common divisor of 16086 and 1491?
21
What is the greatest common divisor of 1700 and 12988?
68
Calculate the greatest common factor of 4460 and 2320.
20
Calculate the greatest common divisor of 330 and 15720.
30
What is the highest common factor of 392649 and 357?
51
Calculate the highest common factor of 133 and 302461.
19
Calculate the highest common divisor of 31010 and 20230.
70
What is the highest common divisor of 166056 and 510?
102
What is the highest common factor of 1209 and 50427?
39
Calculate the greatest common divisor of 4900 and 5775.
175
What is the greatest common factor of 150115 and 1715?
35
Calculate the highest common divisor of 1679332 and 248.
124
What is the highest common factor of 2626 and 862641?
1313
Calculate the highest common divisor of 8 and 3312228.
4
What is the highest common factor of 104589 and 9?
9
What is the highest c